{"id":503,"date":"2026-01-31T12:04:31","date_gmt":"2026-01-31T11:04:31","guid":{"rendered":"https:\/\/miel.wintz.alsace\/ohlungen\/?page_id=503"},"modified":"2026-01-31T12:13:44","modified_gmt":"2026-01-31T11:13:44","slug":"colibri-503","status":"publish","type":"page","link":"https:\/\/miel.wintz.alsace\/ohlungen\/?page_id=503","title":{"rendered":"Mentions l\u00e9gales"},"content":{"rendered":"<div data-colibri-id=\"503-c1\" class=\"style-573 style-local-503-c1 position-relative\">\n  <!---->\n  <div data-colibri-component=\"section\" data-colibri-id=\"503-c2\" id=\"custom\" class=\"h-section h-section-global-spacing d-flex align-items-lg-center align-items-md-center align-items-center style-602 style-local-503-c2 position-relative\">\n    <!---->\n    <!---->\n    <div class=\"h-section-grid-container h-section-boxed-container\">\n      <!---->\n      <div data-colibri-id=\"503-c3\" class=\"h-row-container gutters-row-lg-2 gutters-row-md-2 gutters-row-0 gutters-row-v-lg-2 gutters-row-v-md-2 gutters-row-v-2 style-603 style-local-503-c3 position-relative\">\n        <!---->\n        <div class=\"h-row justify-content-lg-center justify-content-md-center justify-content-center align-items-lg-stretch align-items-md-stretch align-items-stretch gutters-col-lg-2 gutters-col-md-2 gutters-col-0 gutters-col-v-lg-2 gutters-col-v-md-2 gutters-col-v-2\">\n          <!---->\n          <div class=\"h-column h-column-container d-flex h-col-lg-auto h-col-md-auto h-col-auto style-604-outer style-local-503-c4-outer\">\n            <div data-colibri-id=\"503-c4\" class=\"d-flex h-flex-basis h-column__inner h-px-lg-2 h-px-md-2 h-px-2 v-inner-lg-2 v-inner-md-2 v-inner-2 style-604 style-local-503-c4 position-relative\">\n              <!---->\n              <!---->\n              <div class=\"w-100 h-y-container h-column__content h-column__v-align flex-basis-100 align-self-lg-start align-self-md-start align-self-start\">\n                <!---->\n                <div data-colibri-id=\"503-c5\" class=\"h-text h-text-component style-605 style-local-503-c5 position-relative h-element\">\n                  <!---->\n                  <!---->\n                  <div class=\"\">\n                    <p><strong>Mentions l\u00e9gales<\/strong><\/p>\n                    <p><strong>\u00c9diteur du site :<\/strong>\n                      <br>Christophe FUCHS &#8211; Mon Miel\n                      <br>2 rue de l&rsquo;\u00e9cole &#8211; 67590 OHLUNGEN\n                      <br>SIRET : 880 516 349 00011<\/p>\n                    <p><strong>H\u00e9bergeur :<\/strong>\n                      <br>OVH\n                      <br>[Adresse de l\u2019h\u00e9bergeur]\n                      <br>[Num\u00e9ro de t\u00e9l\u00e9phone de l\u2019h\u00e9bergeur]<\/p>\n                    <p><strong>Conditions G\u00e9n\u00e9rales de Vente (CGV) :<\/strong>\n                      <br>[Lien vers la page des CGV]<\/p>\n                    <p><strong>Politique de confidentialit\u00e9<\/strong><\/p>\n                    <p><strong>Responsable de traitement :<\/strong>\n                      <br>M. Christophe FUCHS &#8211; rgpd@miel-ohlungen.fr<\/p>\n                    <p><strong>Donn\u00e9es collect\u00e9es :<\/strong>\n                      <br>Nom, pr\u00e9nom, mail, adresse, t\u00e9l\u00e9phone<\/p>\n                    <p><strong>Finalit\u00e9s :<\/strong>\n                      <br>Pr\u00e9paration des commandes &#8211; envoi de newsletter<\/p>\n                    <p><strong>Dur\u00e9e de conservation :<\/strong>\n                      <br>2 ans pour les donn\u00e9es clients<\/p>\n                    <p><strong>Droits des utilisateurs :<\/strong>\n                      <br>Vous disposez du droit d\u2019acc\u00e8s, de rectification, d\u2019effacement, de portabilit\u00e9 et d\u2019opposition. Pour exercer ces droits, contactez-nous \u00e0 rgpd@miel-ohlungen.fr<\/p>\n                    <p><strong>Protection des donn\u00e9es :<\/strong>\n                      <br>[Mesures de s\u00e9curit\u00e9 mises en place]<\/p>\n                  <\/div>\n                <\/div>\n              <\/div>\n            <\/div>\n          <\/div>\n        <\/div>\n      <\/div>\n    <\/div>\n  <\/div>\n<\/div>","protected":false},"excerpt":{"rendered":"<p>Mentions l\u00e9gales \u00c9diteur du site : Christophe FUCHS &#8211; Mon Miel 2 rue [&hellip;]<\/p>\n","protected":false},"author":1,"featured_media":0,"parent":0,"menu_order":0,"comment_status":"closed","ping_status":"closed","template":"page-templates\/full-width-page.php","meta":{"footnotes":""},"class_list":["post-503","page","type-page","status-publish","hentry"],"_links":{"self":[{"href":"https:\/\/miel.wintz.alsace\/ohlungen\/index.php?rest_route=\/wp\/v2\/pages\/503","targetHints":{"allow":["GET"]}}],"collection":[{"href":"https:\/\/miel.wintz.alsace\/ohlungen\/index.php?rest_route=\/wp\/v2\/pages"}],"about":[{"href":"https:\/\/miel.wintz.alsace\/ohlungen\/index.php?rest_route=\/wp\/v2\/types\/page"}],"author":[{"embeddable":true,"href":"https:\/\/miel.wintz.alsace\/ohlungen\/index.php?rest_route=\/wp\/v2\/users\/1"}],"replies":[{"embeddable":true,"href":"https:\/\/miel.wintz.alsace\/ohlungen\/index.php?rest_route=%2Fwp%2Fv2%2Fcomments&post=503"}],"version-history":[{"count":5,"href":"https:\/\/miel.wintz.alsace\/ohlungen\/index.php?rest_route=\/wp\/v2\/pages\/503\/revisions"}],"predecessor-version":[{"id":523,"href":"https:\/\/miel.wintz.alsace\/ohlungen\/index.php?rest_route=\/wp\/v2\/pages\/503\/revisions\/523"}],"wp:attachment":[{"href":"https:\/\/miel.wintz.alsace\/ohlungen\/index.php?rest_route=%2Fwp%2Fv2%2Fmedia&parent=503"}],"curies":[{"name":"wp","href":"https:\/\/api.w.org\/{rel}","templated":true}]}}